= a**3 - 11*a**2 - 586*a + 63. Calculate u(30).
-417
Let b(q) = -q**3 + 36*q**2 - 139*q + 1264. Calculate b(33).
-56
Let r(p) = -p**3 + 91*p**2 + 5963*p + 15827. Calculate r(-42).
-7
Let n(r) = -r**2 + 56526*r + 11572901. Give n(-204).
-19
Let x(k) = 5*k**3 - 44*k**2 + 18*k - 4. What is x(1)?
-25
Let r(v) = 36779*v - 183898. Give r(5).
-3
Let i(v) = 2*v**3 - 33*v**2 - 270*v - 238. Determine i(22).
-854
Let k(r) = 164*r + 19644. What is k(-121)?
-200
Let s(z) = 151*z**2 - 2988*z - 5983. Determine s(-2).
597
Let c(z) = -106479*z - 1810137. Determine c(-17).
6
Let k(j) = 1404*j + 57567. What is k(-41)?
3
Let v(j) = -22*j**2 - 25613*j - 31403. What is v(-1163)?
-2
Let m(a) = -253043*a - 253001. Determine m(-1).
42
Let s(n) = -4*n**2 + 155*n - 1292. Determine s(17).
187
Let j(r) = -12*r**2 - 1730*r + 12358. Determine j(-151).
-24
Let w(g) = -22*g**2 + 4115*g + 25396. Give w(-6).
-86
Let w(k) = -k**3 - 45*k**2 - 153*k - 2933. Determine w(-43).
-52
Let v(x) = x**2 + 103808*x - 519066. Calculate v(5).
-1
Let p(l) = 331*l - 5824. What is p(16)?
-528
Let q(h) = -2852*h + 6101. Determine q(2).
397
Let b(f) = -4*f**2 + 690*f + 1749. What is b(175)?
-1
Let l(s) = -869*s - 17217. Give l(-19).
-706
Let z(n) = -538904*n + 538920. Determine z(1).
16
Let k(m) = 3225*m - 267845. Determine k(83).
-170
Let d(t) = -3*t**2 + 285*t - 1808. Give d(0).
-1808
Let c(u) = 1178*u + 41221. Determine c(-35).
-9
Let w(a) = 32*a + 3724. What is w(-105)?
364
Let t(j) = -1344409*j + 5377652. Determine t(4).
16
Let r(v) = -440*v + 2662. What is r(10)?
-1738
Let n(g) = 96730*g + 386949. Calculate n(-4).
29
Let j(y) = 2*y**2 + 187*y + 3207. Calculate j(-22).
61
Let n(r) = -546*r**2 - 5424*r + 33. Determine n(-10).
-327
Let m(a) = 7065*a - 3709126. What is m(525)?
-1
Let d(r) = -23*r**2 + 2461*r + 2459. What is d(-1)?
-25
Let u(i) = 57349*i - 172046. Give u(3).
1
Let v(o) = -o**3 + 221*o**2 - 1500*o + 440. Give v(214).
12
Let n(l) = 12*l**2 + 2864*l - 12627. Determine n(-243).
9
Let g(m) = 1756*m + 3341. Determine g(-2).
-171
Let a(x) = -10*x**3 - 2*x**2 + 501*x + 1969. Calculate a(-4).
573
Let n(c) = -291924*c - 4086951. Calculate n(-14).
-15
Let j(l) = 80*l**2 + 1793*l + 419. Give j(-22).
-307
Let p(m) = -m**2 + 2*m + 438. Give p(-23).
-137
Let g(t) = 330*t**2 + 1509*t - 710. Determine g(-5).
-5
Let a(j) = 15*j**2 - 751*j + 6828. Give a(12).
-24
Let p(y) = -2*y**3 - 161*y**2 - 78*y + 159. Determine p(-80).
-1
Let b(t) = -3*t**2 - 212*t + 972. Give b(-75).
-3
Let r(v) = -2*v**3 - 260*v**2 - 368*v + 18423. Determine r(-128).
-9
Let z(u) = 64*u**2 + 2699*u - 67. Determine z(-42).
-529
Let a(p) = -150*p**2 + 238*p + 9. What is a(4)?
-1439
Let i(b) = -b**3 + 464*b**2 + 3364*b - 3298. What is i(-8)?
-2
Let n(f) = 72769*f + 291131. Calculate n(-4).
55
Let l(a) = 44*a**2 + 8135*a + 6919. Determine l(-184).
-257
Let y(a) = 1855*a + 7121. Calculate y(-4).
-299
Let x(v) = 16388*v - 163788. What is x(10)?
92
Let s(p) = p**2 - 7133*p + 1740633. What is s(253)?
-7
Let y(h) = h**3 + 8*h**2 - 602*h + 14728. Give y(-36).
112
Let h(i) = 509*i**2 - 997*i - 38. Determine h(2).
4
Let h(y) = 1181*y**2 - 9*y - 9. Give h(-1).
1181
Let t(f) = 406647*f - 1219948. Calculate t(3).
-7
Let s(y) = y**3 - 44*y**2 + 40*y + 73. Determine s(43).
-56
Let j(w) = 2*w**2 + 3167*w + 9465. Calculate j(-3).
-18
Let a(h) = 1427*h + 19983. Calculate a(-14).
5
Let i(k) = -845*k - 3308. What is i(-3)?
-773
Let l(n) = 36*n**3 - 1045*n**2 + 22*n + 199. Calculate l(29).
-4
Let v(f) = -5*f + 536. Calculate v(51).
281
Let z(w) = 25004*w - 50227. Give z(2).
-219
Let z(m) = -9143*m - 60422. Give z(-7).
3579
Let s(t) = -t**3 + 40*t**2 - 413*t + 12. Determine s(19).
-254
Let u(o) = o**2 - 27*o + 115. What is u(6)?
-11
Let r(a) = -2*a**3 + 182*a**2 - 755*a + 51757. What is r(90)?
7
Let h(l) = 154*l + 4637. Give h(-30).
17
Let d(t) = -3*t**3 + 100*t**2 - 285*t - 406. Calculate d(30).
44
Let d(f) = 132*f + 3035. Give d(-20).
395
Let q(t) = -2*t**3 - 248*t**2 - 249*t - 581. Calculate q(-123).
-212
Let r(w) = -297714*w - 4167993. Calculate r(-14).
3
Let q(f) = f**3 + 202*f**2 + 2035*f - 12606. Determine q(-191).
0
Let v(l) = -13075*l - 183030. What is v(-14)?
20
Let y(l) = 2797*l + 37178. Determine y(-14).
-1980
Let x(d) = -8*d**2 + 110990*d + 554963. Give x(-5).
-187
Let u(m) = 5*m**3 + 526*m**2 - 5509*m - 5. What is u(10)?
2505
Let r(m) = 11*m**2 - 63*m - 2234. What is r(18)?
196
Let n(s) = -2*s**2 + 391*s - 9791. Calculate n(164).
541
Let v(u) = -16*u**2 - 1177*u - 8253. What is v(-7)?
-798
Let d(u) = -241*u**2 + 90362*u + 4844. What is d(375)?
-31
Let x(w) = -7*w**2 - 1140*w + 55113. Calculate x(39).
6
Let w(j) = -3*j**2 - 315*j - 8243. Calculate w(-50).
7
Let l(o) = 3*o**3 + 2*o**2 - 8239*o - 16482. Calculate l(-2).
-20
Let d(y) = y**3 + 262*y**2 + 11536*y + 379. Determine d(-206).
379
Let n(z) = -29*z**3 - z**2 + 97*z + 95. Determine n(-1).
26
Let f(x) = 514*x + 6753. Give f(-13).
71
Let h(v) = -8*v**2 - 6932*v - 20780. Determine h(-3).
-56
Let x(h) = 4*h**3 + 53*h**2 - 1066*h + 8. What is x(11)?
19
Let q(b) = -5747*b - 5313. Determine q(0).
-5313
Let c(v) = 427*v - 6396. Give c(15).
9
Let d(s) = -s**2 - 53*s + 6086. Give d(58).
-352
Let j(a) = -a**3 - 43*a**2 + 1893*a - 163. Determine j(-70).
-373
Let k(s) = -2*s**3 - 81*s**2 - 52*s + 120. Determine k(-40).
600
Let a(b) = 32*b**2 - 897*b - 732. Determine a(29).
167
Let p(s) = -s**2 - 53*s - 1013. Determine p(-50).
-863
Let t(x) = x**2 - 1658*x - 660666. Give t(-332).
14
Let r(m) = m**3 + 66*m**2 + 646*m - 124. What is r(-12)?
-100
Let g(t) = t**2 - 399*t + 10021. Calculate g(372).
-23
Let a(y) = 32*y**3 + 1336*y**2 + 967*y - 666. Give a(-41).
31
Let a(m) = m**3 + 126*m**2 - 59534*m - 215. Calculate a(189).
-26
Let t(o) = -2*o**2 + 55*o - 1743. What is t(22)?
-1501
Let m(n) = 20236*n - 138052. Give m(7).
3600
Let r(n) = -n**3 + 607*n**2 + 23826*n - 66. What is r(-37)?
8
Let u(n) = -n**3 + 28*n**2 + 2876*n + 28774. What is u(-12)?
22
Let k(m) = -27*m**2 - 4557*m + 18661. Calculate k(4).
1
Let q(d) = -6*d**3 - 2*d**2 - 3*d - 661. Calculate q(0).
-661
Let n(q) = -121316*q - 10311851. Calculate n(-85).
9
Let t(g) = -g**3 - 85*g**2 + 174*g + 254. What is t(-87)?
254
Let o(g) = -111*g**3 - 331*g**2 + 20*g + 56. Calculate o(-3).
14
Let i(o) = 32358*o + 6212757. Determine i(-192).
21
Let f(p) = 305*p + 44220. Determine f(-145).
-5
Let d(y) = y**3 - 241*y**2 + 1400*y + 2520. Calculate d(235).
170
Let o(t) = 26333*t - 473997. Determine o(18).
-3
Let q(p) = p**2 - 27248*p + 245086. What is q(9)?
-65
Let r(v) = -740*v**2 + 25897*v - 34. Give r(35).
-139
Let c(n) = n**2 + 1421*n - 208. Give c(0).
-208
Let w(v) = -v**2 + 875*v + 411. Determine w(0).
411
Let k(p) = 17*p - 411. What is k(16)?
-139
Let i(c) = 11969*c + 2429694. Calculate i(-203).
-13
Let c(y) = y**3 - 433*y**2 + 23026*y - 8909. Give c(371).
-5
Let o(i) = 10*i**3 - 3*i**2 - 149*i + 148. What is o(1)?
6
Let t(l) = -l**3 + 325*l**2 + 5821*l - 2400. Calculate t(342).
-6
Let m(n) = -n**3 + 25*n**2 + 131*n - 86. What is m(30)?
-656
Let a(v) = -26705*v - 1468657. Determine a(-55).
118
Let x(f) = f**3 - 77*f**2 + 151*f + 817. Give x(75).
892
Let i(b) = 88485*b + 1061885. What is i(-12)?
65
Let x(g) = 4840*g - 42884. Give x(9).
676
Let k(w) = -67*w**2 + 6026*w - 119. Determine k(90).
-479
Let g(p) = -7*p**3 + 11*p**2 - 39*p - 43. Calculate g(6).
-1393
Let a(q) = 286*q + 175700. Give a(-616).
-476
Let k(p) = p**3 - 23*p**2 - 106381*p + 2446718. Calculate k(23).
-45
Let m(w) = 6724370*w + 13448755. Determine m(-2).
15
Let h(t) = -201772*t + 1210633. Calculate h(6).
1
Let d(m) = -7*m**3 + 1196*m**2 + 169*m + 382. Give d(171).
40
Let v(l) = -12736*l + 127362. Calculate v(10).
2
Let a(t) = -5861*t + 3926846. Give a(670).
-24
Let x(c) = 2425*c - 55767. Determine x(23).
8
Let n(s) = 88*s**2 + 6*s - 1385. Give n(-4).
-1
Let g(q) = 27*q**3 - 46*q**2 - 2*q - 12. What is g(4)?
972
Let t(u) = 6727*u**2 + 26799*u - 413. What is t(-4)?
23
Let w(i) = -2*i**2 + 150156*i - 300305. Calculate w(2).
-1
Let v(c) = -65*c**3 + 30*c**2 + 195*c + 163. Determine v(-1).
63
Let l(z) = -z**2 - 24686*z - 936621. What is l(-38)?
3
Let k(f) = 1554*f - 150. What is k(0)?
-150
Let j(z) = 3543*z + 467663. Give j(-132).
-13
Let x(m) = m**3 - 47*m**2 - 314*m - 217. Calculat